et b(n) = -2*n**3 + 11*n**2 - 11*n - 2. Let d be b(4). Let g be -2*(0 + 6)*-1. What is the greatest common divisor of g and d?
2
Let n = 446 + -230. Suppose 3*k = -6*k + n. What is the greatest common factor of 8 and k?
8
Let z = -36 - -28. Let v be (-10 - 0)/(((-14)/z)/(-7)). What is the greatest common divisor of 100 and v?
20
Let o(q) = -2*q**2 - 56*q - 44. Let m be o(-26). What is the highest common factor of m and 100?
20
Let c(z) = -z**3 + 15*z**2 - z + 18. Let t be c(15). Let w be 24 + (9 + -4 - t). What is the greatest common factor of w and 286?
26
Let z(l) = -l**3 - 9*l**2 - 9*l + 6. Let g be z(-7). Let b = g + 57. Calculate the highest common factor of b and 28.
28
Suppose -108*t = -5*x - 111*t + 60, 0 = -3*x + 2*t + 36. Let n be (-24)/5*(-20 - 0). What is the highest common divisor of n and x?
12
Let j(q) = q - 2. Let z be (-4)/(24/15)*2. Let f = 10 + z. Let d be j(f). Calculate the highest common divisor of 9 and d.
3
Let z(i) = -5*i**3 + i**2 + i + 1. Let p be z(-1). Suppose -228*n + 147*n = -1458. What is the highest common divisor of p and n?
6
Let k(j) be the second derivative of j**3/3 + 5*j**2 - j. Let m be k(-5). Suppose m = 6*u - 96 - 372. Calculate the highest common divisor of u and 26.
26
Let u be 415/10*(5 - -1). Let l = -133 + u. What is the greatest common factor of l and 29?
29
Suppose n - 5*z = 2*n - 67, n = 2*z + 74. Suppose -n*k - 12 = -76*k. What is the greatest common divisor of 6 and k?
3
Let c(d) = d**2 + 14*d - 139. Let g be c(-21). What is the highest common factor of g and 54?
2
Suppose 5*m + s = -9 + 86, -m = -3*s - 9. What is the greatest common divisor of 225 and m?
15
Let p(d) = d**2 + 9*d - 10. Let x be p(-12). Let f be -5 + 3*x/6. Calculate the highest common divisor of 1 and f.
1
Suppose 0 = 5*y - 4*y + q - 328, 4*y = -2*q + 1304. What is the greatest common factor of y and 144?
36
Let c be 1/(-4) - (-109)/4. Let q(h) = 70*h**2 + 9*h - 1. Let d be q(2). What is the highest common divisor of c and d?
27
Let p be -10*((-38)/95 + (-6)/5). Calculate the greatest common factor of p and 76.
4
Let p be (-21)/6 - (-1)/(-2). Let o be (-23 - -1)*2/p. Let r = o - 4. Calculate the highest common factor of 7 and r.
7
Suppose 45 = g + 2*w, 45*g = 50*g - w - 258. What is the highest common divisor of g and 1377?
51
Suppose -3*g + 96 = -534. Suppose 12*n = -3*p + 9*n + 99, -2*p + 3*n = -51. Calculate the highest common factor of g and p.
30
Let f(a) = 7*a**2 + 37*a + 8. Let m be f(4). What is the highest common factor of 201 and m?
67
Let y be 0/(-1 + 5) + -63. Let u be (y/45)/(2/(-50)). What is the greatest common factor of u and 10?
5
Let x be (-12)/1*4/(-8). Suppose x = -2*t, -t + 8 = r - 13. Let v = r + -22. What is the greatest common divisor of 1 and v?
1
Let y = 166 + -109. Let z = y - -111. Calculate the greatest common divisor of z and 24.
24
Let k(r) = r**3 + r - 2. Let c be k(1). Suppose 0 = -2*d + 3*u + 9, -7*d + 2*d - 4*u + 80 = c. What is the highest common divisor of d and 4?
4
Let v = -138 + 142. What is the highest common factor of 148 and v?
4
Let x = -35 + 37. Let b be 6/x*(2 + 1). Calculate the highest common factor of b and 63.
9
Let i = -1538 - -2114. Calculate the greatest common divisor of i and 18.
18
Let q be (-1751)/5 + (-76)/95. Let i be 2 - 1 - -1 - 514. Let d = q - i. What is the highest common divisor of 23 and d?
23
Let i(x) = 4*x - 8*x + 6*x + 1 + 29*x. Let w be i(1). What is the greatest common divisor of w and 8?
8
Suppose -5*h = 5*d - 6*d - 186, 3*h = 3*d + 102. Calculate the highest common divisor of h and 6.
2
Let f be ((-10)/3)/((-235)/846). Calculate the highest common divisor of 384 and f.
12
Let r = 7 - -16. Suppose -50 - 180 = -5*j. Calculate the highest common factor of r and j.
23
Let x(v) = 2*v**3 - 3*v**2 + 2*v - 3. Let a be x(-3). Let j = a - -132. What is the highest common divisor of j and 7?
7
Let q(n) = 2*n**2 + 15*n - 14. Let u be q(-11). Suppose y - s = 25, -s + u = 3*y + 2*s. What is the highest common factor of 207 and y?
23
Let i = -91 + 199. Let u = 116 - i. Calculate the highest common factor of u and 128.
8
Let h = -83 - -119. Suppose 3*y = h + 9. What is the greatest common divisor of 15 and y?
15
Let z be (-3)/((-3 - 1) + 413/104). Let m = -92 + z. Calculate the greatest common factor of m and 132.
12
Let p be (12/(-16))/((-2)/32). Calculate the greatest common divisor of 36 and p.
12
Let n = 448 - 446. Let w(y) be the second derivative of y**4/3 + y**3/6 - 3*y**2/2 + y. Let d be w(n). What is the greatest common divisor of 3 and d?
3
Let j be 47/(4/3 + 225/(-189)). Calculate the highest common divisor of 188 and j.
47
Suppose -23 = 5*r - 53. Suppose -r*h - 32 = -8*h. Let l(p) = -p**3 - 9*p**2 - 8*p + 4. Let c be l(-8). Calculate the highest common factor of c and h.
4
Let h(v) be the second derivative of v**5/20 - 5*v**4/6 - 11*v**3/6 + 11*v**2/2 + 7*v. Let o be h(11). What is the highest common divisor of 11 and o?
11
Let j(l) = -4*l**2 - l**2 + 7*l**2 - 5*l. Let o be j(8). What is the highest common factor of 22 and o?
22
Suppose -f + 219 = -4*f. Let v = 34 + f. Let d = 65 + v. Calculate the greatest common divisor of 13 and d.
13
Suppose -119 - 849 = -8*x. Suppose l + w = -0*l - 40, 3*l = -4*w - x. Let y = l - -69. What is the greatest common divisor of y and 10?
10
Let f be -1*(4 - 2 - (1 - 0)). Let a be 6/(2 - f) - -12. Let u be 58 + (-5)/((-5)/(-2)). Calculate the greatest common factor of a and u.
14
Let g = 23 + -39. Let n be (-156)/g*8/3. What is the greatest common divisor of n and 65?
13
Suppose -3*n - p + 2400 = 0, 38*n = 34*n + 5*p + 3219. What is the highest common factor of n and 18?
9
Suppose 3*x = 3*s - 2694, 13*x + 1798 = 2*s + 12*x. What is the highest common factor of 200 and s?
100
Let t be (-16)/24*462/(-4). Let d = -45 + t. What is the greatest common factor of d and 48?
16
Suppose 0*x - 5*x - a = -2304, -x = a - 464. Calculate the greatest common factor of x and 20.
20
Suppose -3*f + 20 + 28 = 0. What is the highest common factor of 1 and f?
1
Let f = -580 + 2552. Suppose q = -2*q - 2*a + 1180, -5*q = 2*a - f. Suppose 0 = -4*x - 72 + q. What is the highest common divisor of x and 9?
9
Let x be (253/5)/((-15)/(-75)). Calculate the greatest common divisor of 69 and x.
23
Let p = 45 + -7. Let y = 36 - 29. Let z be (y/21)/(2/570). What is the greatest common divisor of z and p?
19
Suppose -20 = 5*s, -4*u - 4*s = u + 321. Let y = -16 - u. Suppose 3*q = 237 - y. What is the highest common divisor of 16 and q?
16
Let v be 2/(-4)*(-5 - 17). Let o = v + -14. Let t be (-3 - (o - -1))*-11. What is the highest common factor of 11 and t?
11
Let w be (-2 - -4) + -1*4. Let l be (1/1 + w)/(-1). Let d = -7962 + 7971. Calculate the highest common divisor of d and l.
1
Let b = 44 + -15. Let n be (2 - 12/8)*0. Let v be 233 + -1 + n/(-1). Calculate the greatest common divisor of b and v.
29
Suppose -21*n = 5*n - 936. What is the greatest common divisor of n and 54?
18
Let h(j) = -j**3 - 7*j**2 - 7*j. Let m be h(-6). Suppose -3*c - 107 = -8*c + 4*o, -c + 17 = -3*o. Let f = 27 - c. What is the highest common divisor of f and m?
2
Suppose 0 = 4*r - 4*p - 632, 2*r + p - 322 = -0*r. Let f = -2894 + 2914. What is the greatest common factor of f and r?
20
Let h(f) = -f**2 - 42*f - 92. Let d be h(-28). Calculate the highest common divisor of 120 and d.
60
Suppose c - 2*z + 426 = 5*c, 0 = 4*z - 12. What is the greatest common factor of 140 and c?
35
Suppose -40 = -2*i - 3*w, 112 = 4*i - 5*w + 3*w. Let v be (-3*13)/((-1)/1). What is the greatest common factor of i and v?
13
Suppose 6*h - 352 = -16. Let i = -43 + h. What is the highest common factor of i and 39?
13
Let o = 80 - 31. What is the greatest common factor of 2401 and o?
49
Let o(p) = -56*p - 72. Let x be o(-5). Calculate the greatest common divisor of x and 65.
13
Let z be 2*3/10 - 1911/(-65). Calculate the greatest common factor of 40 and z.
10
Let h = -60 + 244. Calculate the greatest common divisor of 8 and h.
8
Let y(x) = -9*x + 468. Let r be y(10). What is the greatest common divisor of 36 and r?
18
Let a be (-18 - 1)*(0 - 1). Let j(i) = 10*i**2 - 11*i**3 - 9*i**3 - 8*i - 1 + a*i**3. Let w be j(8). What is the highest common factor of 21 and w?
21
Suppose 145*d - 20280 = 132*d. What is the 